(s) = 4 + 3*s**2 - 1 + s**3 + 0*s**2 - 4. Calculate q(d).
3
Let y(s) = s**2 - 4. Suppose -5*r + 2*r - 18 = 0. Let d be (-1 + 1)/(r/3). Give y(d).
-4
Let o(x) = -x**2 - x - 1. Let k(u) = -6*u - 3. Let n(h) = k(h) - o(h). Let q(p) = -9*p + 121. Let g be q(13). What is n(g)?
-6
Let v be (6/(-9)*(-18 - 0))/2. Let p(g) = -2*g + 4. What is p(v)?
-8
Let y(j) = 7*j**3 + 2*j**2 + j. Let l(a) = -a**2 + 7*a - 7. Let o be l(6). Give y(o).
-6
Suppose 3 = 5*u - 2*u. Let m be (3 + -1)/(u + 1). Let k(x) = 3*x**2 - 6*x - 1 + 3*x + 4*x - 9*x**2. What is k(m)?
-6
Let k(n) = n - 5. Let q be k(6). Let a(z) = 3*z - 1. Let h(b) = b. Let p(r) = q*a(r) - 6*h(r). Let f = -5 + 2. What is p(f)?
8
Let c(v) = 8*v**2 + 2*v + 1. Let x = -8 + 7. Let z(r) = r**2. Let q(k) = x*c(k) + 5*z(k). Determine q(-2).
-9
Let l(m) = m**3 + 6*m**2 + 6*m + 2. Suppose 5*w = -r - 22, r + 6 = -2*w - 1. Give l(w).
-3
Let z(u) = u. Let w(i) = -1. Let d = 6 - 7. Let c(o) = d*z(o) - 4*w(o). What is c(3)?
1
Suppose 0 = -6*q + 2*q - 4. Let u(r) = -7*r**3 - r**2 - 2*r - 1. Let a be u(q). Let s = a - 6. Let j(p) = -8*p**3 - p**2 + 1. What is j(s)?
-8
Let d(a) = 12*a**2. Let s = -1 + 6. Let x(t) = 7 + 1 - t - 2. Let g be x(s). What is d(g)?
12
Let r(g) = -5 - g**3 - 2*g**2 + 6*g**2 + 0*g + g. Give r(4).
-1
Let i(z) = 4 - 3 + z**2 + 1. Suppose -2*m - 9 - 5 = 0. Let q(t) = t**2 + 7*t. Let y be q(m). What is i(y)?
2
Let p(z) be the second derivative of z**5/20 + z**4/3 - 5*z**3/6 - 2*z**2 - 24*z. Suppose 3*w = w - 10. Determine p(w).
-4
Suppose p = u + 6, 5*u - p + 21 = u. Let z(q) = -q**2 - 5*q + 3. Give z(u).
3
Let p(u) = -u**2 - 2*u + 5. Let a be p(-4). Let l(n) = -2*n - 3. Determine l(a).
3
Let r(s) be the second derivative of -s**4/12 + 5*s**3/6 - s**2 - 7*s. Determine r(4).
2
Let c = -2 - -4. Suppose 5*n + t = 48, -5*n + c + 38 = 5*t. Suppose i = -i + n. Let u(j) = -j**3 + 5*j**2 + 3*j - 6. Give u(i).
9
Let h(y) = y + 4. Let x be (-2)/(-4)*-2 - 3. Let t be h(x). Let q(n) be the third derivative of -n**6/120 - n**4/24 - n**3/6 + n**2. Calculate q(t).
-1
Suppose 6*p - 2*p - 28 = 0. Suppose 7*u + o - 10 = 2*u, 0 = -4*u - 5*o + 29. Let c(k) = 2*k - 4 + u + p. What is c(-5)?
-6
Suppose -n - 4 = -4*l + 3, 4*l - 1 = -n. Let w(y) = -3 + y**2 + y + l + 2. Determine w(-4).
12
Let y(f) = f**3 + 6*f**2 + f - 3. Let v = -21 - -15. Determine y(v).
-9
Suppose 2*g - b = 11, 3*g + 4*b = -4 - 7. Let t(k) = -7*k + 2. What is t(g)?
-19
Let v(b) be the third derivative of -1/24*b**4 + 1/12*b**5 - b**2 + 0 + 0*b - 1/120*b**6 + 1/2*b**3. Give v(5).
-2
Let r(u) be the first derivative of -u**3/3 + 3*u**2 - 2*u - 6. Let p(j) = -j**2 - 2*j - 2. Let l be p(-2). Let n = l - -6. Determine r(n).
6
Let z = -25 + 19. Let d(h) = h**2 + 6*h + 7. Give d(z).
7
Let w(v) = v**2 + 11*v + 13. Let m be w(-10). Let s(b) = -b**2 + 3*b + 1. Determine s(m).
1
Let b = -19 + 22. Let l(j) = -5 + b + j**3 - j - j - 2*j**2. Calculate l(3).
1
Let h(a) = a + 5. Let c(z) = -6*z + 18. Let t be c(13). Let p be 8/t - 176/30. What is h(p)?
-1
Let y be ((-10)/3)/(2/(-6)). Let i = 5 - y. Let p(j) = -3*j - 2 + 2*j + 0*j. What is p(i)?
3
Let w(i) = i + 1. Let s(c) = -c**3 - c**2 - 2. Let n be s(-2). Suppose 0 = -n*k + k - 2. What is w(k)?
-1
Let d = -21 + 19. Let p(b) = 4*b + 3. Give p(d).
-5
Let f be 63/6 - -3*(-1)/6. Let w(d) = d**3 - 9*d**2 - 9*d - 12. Determine w(f).
-2
Let b(z) = -z + 8. Let q be b(12). Let u(m) = 2*m - 1. Calculate u(q).
-9
Let s(k) = k**3 + 3*k**2 + 2*k. Suppose -11*h - 27 = -2*h. Calculate s(h).
-6
Suppose -y + 4*y = 4*t - 2, 10 = 2*t. Let h be y/9 + 17/(-3). Let k(m) = m - 5. Calculate k(h).
-10
Let y(o) = -o - 3. Suppose 0 = -4*c - 3*g - 38 + 9, -c = -2*g + 10. What is y(c)?
5
Let r be ((-3)/(-2))/(13/26). Let d(t) = -2*t**2 + 2*t + 4. What is d(r)?
-8
Let k be (2/(-5))/((-3)/15). Suppose -3*c - b + 6 = 0, 0 = 2*b + k*b. Let u(l) = c + 0*l**2 - 5*l**2 + 1 + 2 - l + l**3. Give u(5).
0
Suppose y - 3 - 2 = 0, i - 4*y + 23 = 0. Let p be (-2 - i)/((-2)/(-12)). Let s(g) = -g**2 + 7*g. What is s(p)?
6
Let o(i) = -3*i + 5. Let u(c) = -c. Let w(h) = o(h) - 2*u(h). Determine w(4).
1
Let m(n) = 4*n + 5. Let u(h) = 4*h + 4. Suppose -c + 7*g + 4 = 3*g, 4*g = -c - 12. Let w(r) = c*u(r) + 3*m(r). What is w(1)?
-5
Suppose 0 = -3*v + 2*j + 16, -22 + 0 = -v + 4*j. Let t be (7 + -7)*(-1)/v. Let o(g) = -g**2 - 7. Give o(t).
-7
Let y be 2 + -2 - (-1 - 6). Let h(f) = 2*f - 3. Determine h(y).
11
Suppose 3 = 2*q + q. Let v(u) be the second derivative of -5/6*u**3 + 7*u + 1/2*u**2 + 0. Determine v(q).
-4
Let k(m) = m**3 - m**2 - 6. Suppose v + 6*v - 3*v = 0. What is k(v)?
-6
Suppose -v = -0*j - 3*j - 1, 23 = -2*v + j. Let b = v + 13. Let s(l) = -l - 2. Determine s(b).
-1
Let p(k) = -7*k**2 + 1. Suppose 25 = -3*z + 2*v - 7, 0 = -5*z + 5*v - 60. Let q be 3/((-6)/z) - -2. Suppose 2*h + 6 = -n, 3*n - q = -18. Give p(h).
-6
Let o(v) = -1 + 7*v - 4*v - 2*v + 0*v. Give o(3).
2
Let q = 8 - 4. Suppose 0 = 3*r + q*s - 25, 0 = -3*r + s + 5. Let d(f) = 5 + 3*f + f + 9*f**3 - 10*f**3 - r*f**2. Determine d(-4).
5
Let l(b) = b**2 + 7*b + 2. Let v be (5/2)/((-1)/(-2)). Suppose -2*x + v - 11 = 0. Determine l(x).
-10
Let t(n) = n + 3. Let h(k) = -1. Suppose -2*p + 7 = -p - 3*s, 2*p - 7 = -s. Let d(f) = p*h(f) + 2*t(f). Calculate d(3).
8
Let h(y) = 2*y**3 - 8*y**2 + y + 2. Let c(r) = -r**3 + 4*r**2 - 1. Let m(d) = -5*c(d) - 3*h(d). Give m(3).
-1
Let h(j) = -37*j**2 + 38*j**2 - 3*j + 5*j - 2 + 5*j. Let y be 6/15 - (-32)/(-5). Calculate h(y).
-8
Suppose -z - 5*z + 24 = 0. Let j(t) = t + 5. Give j(z).
9
Let y(v) be the first derivative of v**4/4 - 5*v**3/3 - 9*v**2/2 + 9*v + 7. Calculate y(6).
-9
Let k = -37 - -34. Let f(s) be the third derivative of -s**6/120 - s**5/15 - s**4/24 - s**3/6 + 2*s**2. Give f(k).
-7
Let t(u) = -u**2 - 8*u + 5. Let x be t(-6). Let m = x + -12. Let k(f) = -f - 1 + 0 + m. Give k(4).
0
Let m(w) = w**3 + 5*w**2 - 2*w + 4. Suppose 4*p + 5 = 3*p. Determine m(p).
14
Suppose 0 = -0*j + j + 2. Let x(a) = 3*a**3 + a**2 - a + 6. Let v(t) = -t**3 - t**2 - 1. Let u(m) = j*v(m) - x(m). Calculate u(0).
-4
Let x(d) be the first derivative of 0*d - 1 + 0*d**3 + 0*d**2 + 5/4*d**4. Determine x(-1).
-5
Let q(x) = 0*x + 3*x - 7 - 2*x + x. Suppose -4*g = 2*u, 2*u - g - 2 = -4*g. Suppose -u*s = -11 - 13. Calculate q(s).
5
Let i(t) be the second derivative of -t**3/3 - 3*t**2/2 + t. Determine i(-4).
5
Let c(t) be the first derivative of t**4/12 + 7*t**3/6 - t**2/2 + 2. Let m(k) be the second derivative of c(k). Calculate m(-5).
-3
Let a(c) = 5 + 3 + 4*c - 3 - 2. Give a(-2).
-5
Let a(z) = -z. Let f(j) = -j**3 + 7*j**2 - j - 2. Let d(i) = -6*a(i) - f(i). Suppose y - 8*g + 3*g = 16, -5*g - 10 = 0. Calculate d(y).
8
Suppose -7 + 3 = -2*n. Suppose 0 = c - 3*m - m - 13, -21 = 3*c + 3*m. Let b(k) = k**2. Let v(w) = 2*w**2 - 1. Let d(s) = c*b(s) + 2*v(s). What is d(n)?
2
Let d(k) = -k - 1. Let u = -8 + 13. Let r = -2 + u. Suppose 13 = -2*q + r. What is d(q)?
4
Let i be (-2)/7 + (-36)/21. Let s(f) = 0*f**3 + 2*f**2 + 0 + f**2 - 2 + 2*f**3. Determine s(i).
-6
Let v(r) = 3*r - 7 + 8 - r - r. Calculate v(2).
3
Let d(g) = 2*g - 6. Let j be (6/5)/(7/35). Let q be 30/9*j/4. Calculate d(q).
4
Let u be 9/((-6)/2)*2. Let j be 2/(-3) + (-10)/u. Let z(g) = g - 1. Give z(j).
0
Suppose 4*v = -8 - 4. Let b(s) = s**3 + 4*s**2 + 2*s - 4. Calculate b(v).
-1
Let a = -1 - -3. Let g(b) be the third derivative of -b**5/60 + b**4/12 - b**3/3 + 12*b**2. Give g(a).
-2
Suppose 5*n + 2*d = 6*d + 21, -21 = -n + 5*d. Suppose 0 - n = g. Let v(h) = 2*h**3 + 2*h + 1. What is v(g)?
-3
Let d(g) = -g**3 + 4*g**2 + 3*g - 5. Let x = 0 - -4. Suppose 7*i = x*i + 12. Determine d(i).
7
Let j(p) be the first derivative of 1 - p - 5/3*p**3 + 1/4*p**4 + 3*p**2. Calculate j(4).
7
Let d(v) = v**2 + 6*v + 1. Let p(b) = -b**2 - 5*b + 7. Let k be p(-6). Let g be (2*k)/((-12)/24). Give d(g).
-7
Let x(l) = -6*l**2 + l + 2. Let p be x(-1). Let j(d) be the first derivative of d**3/3 + 5*d**2/2 + 6. Give j(p).
0
Let i(k) be the first derivative of -k**2/2 - 5*k - 5. What is i(-7)?
2
Let m(r) be the second derivative of -r**5/20 - r**4/2 - r**3/2 + 3*r**2 + 5*r. Suppose 4*i + 3*w - 1 = 3*i, i + 15 = 5*w. Determine m(i).
-4
Let j be (-1 + 1)/(-1) + -2. Let r(z) = -z**2 - 6*z - 3. Let a(i) = -i. Let g(u) = 4*a(u) - r(u). Calculate g